{"id":7358,"date":"2023-04-06T12:38:02","date_gmt":"2023-04-06T12:38:02","guid":{"rendered":"https:\/\/www.hairlow.cz\/?page_id=7358"},"modified":"2026-04-14T09:41:19","modified_gmt":"2026-04-14T09:41:19","slug":"gdpr","status":"publish","type":"page","link":"https:\/\/www.hairlow.cz\/index.php\/gdpr\/","title":{"rendered":"GDPR"},"content":{"rendered":"\n<h1 class=\"wp-block-heading\">Z\u00e1sady ochrany osobn\u00edch \u00fadaj\u016f<\/h1>\n\n\n\n<p>Va\u0161e soukrom\u00ed je pro m\u011b d\u016fle\u017eit\u00e9.<br>S osobn\u00edmi \u00fadaji pracuji citliv\u011b, v minim\u00e1ln\u00edm rozsahu a pouze tehdy, kdy\u017e je to opravdu pot\u0159eba.<\/p>\n\n\n\n<div style=\"height:43px\" aria-hidden=\"true\" class=\"wp-block-spacer\"><\/div>\n\n\n\n<h2 class=\"wp-block-heading\">Kdo je spr\u00e1vcem<\/h2>\n\n\n\n<p>Lucie Masla\u0148akov\u00e1<br>I\u010c: 19189460<br>Provozovna: Kosteln\u00ed 12\/6, Ostrava<br>E-mail: <a href=\"mailto:hairlowcz@gmail.com\">hairlowcz@gmail.com<\/a><br>Telefon: 702 919 020<\/p>\n\n\n\n<h2 class=\"wp-block-heading\">Jak\u00e9 \u00fadaje zpracov\u00e1v\u00e1m<\/h2>\n\n\n\n<div style=\"height:43px\" aria-hidden=\"true\" class=\"wp-block-spacer\"><\/div>\n\n\n\n<p>Pouze to, co mi sami nap\u00ed\u0161ete nebo \u0159eknete:<\/p>\n\n\n\n<ul class=\"wp-block-list\">\n<li>jm\u00e9no nebo p\u0159ezd\u00edvku<\/li>\n\n\n\n<li>e-mail<\/li>\n\n\n\n<li>telefon <\/li>\n\n\n\n<li>obsah zpr\u00e1vy<\/li>\n<\/ul>\n\n\n\n<p>Pokud p\u0159id\u00e1te recenzi, m\u016f\u017ee b\u00fdt automaticky zaznamen\u00e1na tak\u00e9 IP adresa.<\/p>\n\n\n\n<div style=\"height:43px\" aria-hidden=\"true\" class=\"wp-block-spacer\"><\/div>\n\n\n\n<h2 class=\"wp-block-heading\">Pro\u010d \u00fadaje pot\u0159ebuji<\/h2>\n\n\n\n<p>Abych v\u00e1m mohla odpov\u011bd\u011bt, domluvit term\u00edn nebo poskytnout slu\u017ebu.<\/p>\n\n\n\n<p>Pokud nap\u00ed\u0161ete recenzi, slou\u017e\u00ed k tomu, aby si i ostatn\u00ed mohli ud\u011blat p\u0159edstavu o m\u00e9 pr\u00e1ci.<\/p>\n\n\n\n<div style=\"height:43px\" aria-hidden=\"true\" class=\"wp-block-spacer\"><\/div>\n\n\n\n<h2 class=\"wp-block-heading\">Marketing<\/h2>\n\n\n\n<p>Nepos\u00edl\u00e1m \u017e\u00e1dn\u00e9 newslettery ani reklamy.<br>Va\u0161e \u00fadaje k marketingu nepou\u017e\u00edv\u00e1m.<\/p>\n\n\n\n<div style=\"height:43px\" aria-hidden=\"true\" class=\"wp-block-spacer\"><\/div>\n\n\n\n<div class=\"wp-block-group is-nowrap is-layout-flex wp-container-core-group-is-layout-1 wp-block-group-is-layout-flex\">\n<h2 class=\"wp-block-heading\">Kdo m\u00e1 k \u00fadaj\u016fm p\u0159\u00edstup<\/h2>\n<\/div>\n\n\n\n<p>Va\u0161e \u00fadaje nikomu neprod\u00e1v\u00e1m ani v\u011bdom\u011b nep\u0159ed\u00e1v\u00e1m.<\/p>\n\n\n\n<p>Technicky mohou b\u00fdt zpracov\u00e1v\u00e1ny slu\u017ebami, kter\u00e9 zaji\u0161\u0165uj\u00ed chod webu (nap\u0159. hosting nebo pluginy).<br>Tyto slu\u017eby funguj\u00ed v b\u011b\u017en\u00e9m re\u017eimu internetu a mohou b\u00fdt provozov\u00e1ny i mimo EU.<\/p>\n\n\n\n<div style=\"height:43px\" aria-hidden=\"true\" class=\"wp-block-spacer\"><\/div>\n\n\n\n<h2 class=\"wp-block-heading\">Jak dlouho \u00fadaje uchov\u00e1v\u00e1m<\/h2>\n\n\n\n<ul class=\"wp-block-list\">\n<li>e-maily: po dobu komunikace, maxim\u00e1ln\u011b p\u0159ibli\u017en\u011b 3 roky<\/li>\n\n\n\n<li>recenze: dokud nepo\u017e\u00e1d\u00e1te o jejich smaz\u00e1n\u00ed<\/li>\n<\/ul>\n\n\n\n<div style=\"height:43px\" aria-hidden=\"true\" class=\"wp-block-spacer\"><\/div>\n\n\n\n<div class=\"wp-block-group is-nowrap is-layout-flex wp-container-core-group-is-layout-2 wp-block-group-is-layout-flex\">\n<h2 class=\"wp-block-heading\">Cookies<\/h2>\n<\/div>\n\n\n\n<p>Web pou\u017e\u00edv\u00e1 cookies pro z\u00e1kladn\u00ed fungov\u00e1n\u00ed a p\u0159\u00edpadn\u011b anonymn\u00ed statistiku n\u00e1v\u0161t\u011bvnosti.<\/p>\n\n\n\n<p>Nepovinn\u00e9 cookies jsou pou\u017eity pouze s va\u0161\u00edm souhlasem.<\/p>\n\n\n\n<div style=\"height:43px\" aria-hidden=\"true\" class=\"wp-block-spacer\"><\/div>\n\n\n\n<h2 class=\"wp-block-heading\">Va\u0161e pr\u00e1va<\/h2>\n\n\n\n<p>Kdykoliv mi m\u016f\u017eete napsat a:<\/p>\n\n\n\n<ul class=\"wp-block-list\">\n<li>zeptat se, jak\u00e9 \u00fadaje o v\u00e1s m\u00e1m<\/li>\n\n\n\n<li>po\u017e\u00e1dat o opravu nebo smaz\u00e1n\u00ed<\/li>\n\n\n\n<li>vzn\u00e9st n\u00e1mitku<\/li>\n<\/ul>\n\n\n\n<p>Sta\u010d\u00ed napsat na:<br><a href=\"mailto:hairlowcz@gmail.com\">hairlowcz@gmail.com<\/a><\/p>\n\n\n\n<div style=\"height:43px\" aria-hidden=\"true\" class=\"wp-block-spacer\"><\/div>\n\n\n\n<h2 class=\"wp-block-heading\">Zabezpe\u010den\u00ed<\/h2>\n\n\n\n<p>K va\u0161im \u00fadaj\u016fm m\u00e1m p\u0159\u00edstup pouze j\u00e1 a chr\u00e1n\u00edm je tak, aby se k nim nikdo nepovolan\u00fd nedostal.<\/p>\n\n\n\n<div style=\"height:43px\" aria-hidden=\"true\" class=\"wp-block-spacer\"><\/div>\n\n\n\n<div class=\"wp-block-group is-nowrap is-layout-flex wp-container-core-group-is-layout-5 wp-block-group-is-layout-flex\">\n<div class=\"wp-block-group is-nowrap is-layout-flex wp-container-core-group-is-layout-3 wp-block-group-is-layout-flex\">\n<div style=\"height:43px;width:0px\" aria-hidden=\"true\" class=\"wp-block-spacer wp-container-content-1\"><\/div>\n<\/div>\n\n\n\n<div class=\"wp-block-group is-nowrap is-layout-flex wp-container-core-group-is-layout-4 wp-block-group-is-layout-flex\">\n<div style=\"height:43px;width:0px\" aria-hidden=\"true\" class=\"wp-block-spacer wp-container-content-2\"><\/div>\n<\/div>\n\n\n\n<h2 class=\"wp-block-heading\">Z\u00e1v\u011brem<\/h2>\n\n\n\n<div style=\"height:43px;width:0px\" aria-hidden=\"true\" class=\"wp-block-spacer wp-container-content-3\"><\/div>\n<\/div>\n\n\n\n<p>Va\u0161e \u00fadaje pou\u017e\u00edv\u00e1m s respektem a zdrav\u00fdm rozumem.<br>Nepot\u0159ebuji v\u00edc, ne\u017e mi sami dobrovoln\u011b sv\u011b\u0159\u00edte.<\/p>\n\n\n\n<p>1.1.2026<\/p>\n\n\n\n<p><\/p>\n","protected":false},"excerpt":{"rendered":"<p>Z\u00e1sady ochrany osobn\u00edch \u00fadaj\u016f Va\u0161e soukrom\u00ed je pro m\u011b d\u016fle\u017eit\u00e9.S osobn\u00edmi \u00fadaji pracuji citliv\u011b, v minim\u00e1ln\u00edm rozsahu a pouze tehdy, kdy\u017e je to opravdu pot\u0159eba. Kdo je spr\u00e1vcem Lucie Masla\u0148akov\u00e1I\u010c: 19189460Provozovna: Kosteln\u00ed 12\/6, OstravaE-mail: hairlowcz@gmail.comTelefon: 702 919 020 Jak\u00e9 \u00fadaje zpracov\u00e1v\u00e1m Pouze to, co mi sami nap\u00ed\u0161ete nebo \u0159eknete: Pokud p\u0159id\u00e1te recenzi, m\u016f\u017ee b\u00fdt automaticky zaznamen\u00e1na tak\u00e9 IP adresa. Pro\u010d \u00fadaje pot\u0159ebuji Abych v\u00e1m mohla odpov\u011bd\u011bt, domluvit term\u00edn nebo poskytnout slu\u017ebu. Pokud nap\u00ed\u0161ete recenzi, slou\u017e\u00ed k tomu, aby si i ostatn\u00ed mohli ud\u011blat p\u0159edstavu o m\u00e9 pr\u00e1ci. Marketing Nepos\u00edl\u00e1m \u017e\u00e1dn\u00e9 newslettery ani reklamy.Va\u0161e \u00fadaje k marketingu nepou\u017e\u00edv\u00e1m. Kdo m\u00e1 k<\/p>\n","protected":false},"author":1,"featured_media":0,"parent":0,"menu_order":0,"comment_status":"closed","ping_status":"closed","template":"","meta":{"_monsterinsights_skip_tracking":false,"_monsterinsights_sitenote_active":false,"_monsterinsights_sitenote_note":"","_monsterinsights_sitenote_category":0,"footnotes":""},"class_list":["post-7358","page","type-page","status-publish","hentry"],"aioseo_notices":[],"_links":{"self":[{"href":"https:\/\/www.hairlow.cz\/index.php\/wp-json\/wp\/v2\/pages\/7358","targetHints":{"allow":["GET"]}}],"collection":[{"href":"https:\/\/www.hairlow.cz\/index.php\/wp-json\/wp\/v2\/pages"}],"about":[{"href":"https:\/\/www.hairlow.cz\/index.php\/wp-json\/wp\/v2\/types\/page"}],"author":[{"embeddable":true,"href":"https:\/\/www.hairlow.cz\/index.php\/wp-json\/wp\/v2\/users\/1"}],"replies":[{"embeddable":true,"href":"https:\/\/www.hairlow.cz\/index.php\/wp-json\/wp\/v2\/comments?post=7358"}],"version-history":[{"count":2,"href":"https:\/\/www.hairlow.cz\/index.php\/wp-json\/wp\/v2\/pages\/7358\/revisions"}],"predecessor-version":[{"id":10500,"href":"https:\/\/www.hairlow.cz\/index.php\/wp-json\/wp\/v2\/pages\/7358\/revisions\/10500"}],"wp:attachment":[{"href":"https:\/\/www.hairlow.cz\/index.php\/wp-json\/wp\/v2\/media?parent=7358"}],"curies":[{"name":"wp","href":"https:\/\/api.w.org\/{rel}","templated":true}]}}