{"id":10449,"date":"2026-03-31T11:40:47","date_gmt":"2026-03-31T11:40:47","guid":{"rendered":"https:\/\/www.hairlow.cz\/?page_id=10449"},"modified":"2026-04-22T05:35:46","modified_gmt":"2026-04-22T05:35:46","slug":"setrna-pece-o-vlasy-ostrava","status":"publish","type":"page","link":"https:\/\/www.hairlow.cz\/index.php\/lucie-maslanakova-3\/setrna-pece-o-vlasy-ostrava\/","title":{"rendered":"Jak pracuji"},"content":{"rendered":"<h1 class=\"wp-block-heading has-text-align-center\">\u0160etrn\u00fd p\u0159\u00edstup k vlas\u016fm<\/h1>\n\n\n\n<p class=\"has-text-align-center has-normal-font-size\"><strong><em>\u0160etrn\u00fd p\u0159\u00edstup nen\u00ed detail. Je to z\u00e1klad.<\/em><\/strong><\/p>\n\n\n\n<div style=\"height:47px\" aria-hidden=\"true\" class=\"wp-block-spacer\"><\/div>\n\n\n\n<figure class=\"wp-block-image aligncenter size-large is-resized\"><noscript><img decoding=\"async\" width=\"979\" height=\"1024\" src=\"https:\/\/www.hairlow.cz\/wp-content\/uploads\/2025\/02\/1-979x1024.jpg\" alt=\"Barven\u00ed vlas\u016f barvou z drogerie a po barven\u00ed hennou\" class=\"wp-image-9572\" style=\"width:604px;height:auto\" srcset=\"https:\/\/www.hairlow.cz\/wp-content\/uploads\/2025\/02\/1-979x1024.jpg 979w, https:\/\/www.hairlow.cz\/wp-content\/uploads\/2025\/02\/1-287x300.jpg 287w, https:\/\/www.hairlow.cz\/wp-content\/uploads\/2025\/02\/1-768x803.jpg 768w, https:\/\/www.hairlow.cz\/wp-content\/uploads\/2025\/02\/1-600x627.jpg 600w, https:\/\/www.hairlow.cz\/wp-content\/uploads\/2025\/02\/1-621x649.jpg 621w, https:\/\/www.hairlow.cz\/wp-content\/uploads\/2025\/02\/1.jpg 1188w\" sizes=\"(max-width: 979px) 100vw, 979px\"><\/noscript><img decoding=\"async\" width=\"979\" height=\"1024\" src=\"data:image\/svg+xml,%3Csvg%20xmlns%3D%22http%3A%2F%2Fwww.w3.org%2F2000%2Fsvg%22%20viewBox%3D%220%200%20979%201024%22%3E%3C%2Fsvg%3E\" alt=\"Barven\u00ed vlas\u016f barvou z drogerie a po barven\u00ed hennou\" class=\"wp-image-9572 lazyload\" style=\"width:604px;height:auto\" srcset=\"data:image\/svg+xml,%3Csvg%20xmlns%3D%22http%3A%2F%2Fwww.w3.org%2F2000%2Fsvg%22%20viewBox%3D%220%200%20979%201024%22%3E%3C%2Fsvg%3E 979w\" sizes=\"(max-width: 979px) 100vw, 979px\" data-srcset=\"https:\/\/www.hairlow.cz\/wp-content\/uploads\/2025\/02\/1-979x1024.jpg 979w, https:\/\/www.hairlow.cz\/wp-content\/uploads\/2025\/02\/1-287x300.jpg 287w, https:\/\/www.hairlow.cz\/wp-content\/uploads\/2025\/02\/1-768x803.jpg 768w, https:\/\/www.hairlow.cz\/wp-content\/uploads\/2025\/02\/1-600x627.jpg 600w, https:\/\/www.hairlow.cz\/wp-content\/uploads\/2025\/02\/1-621x649.jpg 621w, https:\/\/www.hairlow.cz\/wp-content\/uploads\/2025\/02\/1.jpg 1188w\" data-src=\"https:\/\/www.hairlow.cz\/wp-content\/uploads\/2025\/02\/1-979x1024.jpg\"><\/figure>\n\n\n\n<div style=\"height:59px\" aria-hidden=\"true\" class=\"wp-block-spacer\"><\/div>\n\n\n\n<div class=\"wp-block-columns is-layout-flex wp-container-core-columns-is-layout-1 wp-block-columns-is-layout-flex\">\n<div class=\"wp-block-column is-layout-flow wp-block-column-is-layout-flow\">\n<p class=\"has-text-align-center has-secondary-font-family has-normal-font-size\" style=\"margin-top:0;margin-right:var(--wp--preset--spacing--30);margin-bottom:0;margin-left:var(--wp--preset--spacing--30)\"><em>V\u011b\u0159\u00edm, \u017ee vlasy jsou v\u00edc ne\u017e jen sou\u010d\u00e1st viz\u00e1\u017ee.<\/em><br><em>Jsou odrazem p\u00e9\u010de, zdrav\u00ed i na\u0161eho p\u0159\u00edb\u011bhu.<\/em><\/p>\n\n\n\n<p class=\"has-text-align-center has-secondary-font-family has-normal-font-size\" style=\"margin-top:0;margin-right:var(--wp--preset--spacing--30);margin-bottom:0;margin-left:var(--wp--preset--spacing--30)\"><em>Proto k nim p\u0159istupuji s respektem a pochopen\u00edm<\/em><\/p>\n\n\n\n<div style=\"height:64px\" aria-hidden=\"true\" class=\"wp-block-spacer\"><\/div>\n\n\n\n<hr class=\"wp-block-separator has-alpha-channel-opacity is-style-wide\">\n<\/div>\n<\/div>\n\n\n\n<p style=\"margin-top:0;margin-right:0;margin-bottom:0;margin-left:0\"><\/p>\n\n\n\n<div style=\"height:13px\" aria-hidden=\"true\" class=\"wp-block-spacer\"><\/div>\n\n\n\n<div class=\"wp-block-columns is-layout-flex wp-container-core-columns-is-layout-3 wp-block-columns-is-layout-flex\">\n<div class=\"wp-block-column is-layout-flow wp-block-column-is-layout-flow\">\n<div class=\"wp-block-columns is-layout-flex wp-container-core-columns-is-layout-2 wp-block-columns-is-layout-flex\">\n<div class=\"wp-block-column is-layout-flow wp-block-column-is-layout-flow\">\n<p class=\"has-normal-font-size\" style=\"margin-right:var(--wp--preset--spacing--40);margin-left:var(--wp--preset--spacing--40)\">Pracuji jemn\u011b a v\u011bdom\u011b \u2013 bez zbyte\u010dn\u00e9ho tah\u00e1n\u00ed, sp\u011bchu nebo po\u0161kozen\u00ed.<br>Ka\u017ed\u00fd krok vol\u00edm tak, aby vlasy nebyly zbyte\u010dn\u011b zat\u011b\u017eov\u00e1ny a z\u016fstaly v co nejlep\u0161\u00ed kondici.<\/p>\n\n\n\n<p class=\"has-normal-font-size\" style=\"margin-right:var(--wp--preset--spacing--40);margin-left:var(--wp--preset--spacing--40)\">Nejde jen o v\u00fdsledek v den n\u00e1v\u0161t\u011bvy, ale o to, jak se vlasy chovaj\u00ed i v n\u00e1sleduj\u00edc\u00edch t\u00fddnech.<\/p>\n\n\n\n<div style=\"height:62px\" aria-hidden=\"true\" class=\"wp-block-spacer\"><\/div>\n<\/div>\n<\/div>\n<\/div>\n<\/div>\n\n\n\n<div class=\"wp-block-columns is-layout-flex wp-container-core-columns-is-layout-4 wp-block-columns-is-layout-flex\">\n<div class=\"wp-block-column is-layout-flow wp-block-column-is-layout-flow\">\n<h3 class=\"wp-block-heading\" style=\"margin-right:var(--wp--preset--spacing--30);margin-left:var(--wp--preset--spacing--30)\">Co to znamen\u00e1 v praxi<\/h3>\n\n\n\n<p class=\"has-normal-font-size\" style=\"margin-right:var(--wp--preset--spacing--30);margin-left:var(--wp--preset--spacing--30)\">\u2728 rozd\u011blov\u00e1n\u00ed a roz\u010des\u00e1v\u00e1n\u00ed od kone\u010dk\u016f, aby se vlasy nel\u00e1maly<br>\u2728 jemn\u00e9 zach\u00e1zen\u00ed s mokr\u00fdmi vlasy bez drhnut\u00ed<br>\u2728 \u0161etrn\u00e9 fouk\u00e1n\u00ed bez zbyte\u010dn\u011b vysok\u00fdch teplot v kombinaci s maxim\u00e1ln\u00ed rychlost\u00ed<br>\u2728 nepou\u017e\u00edv\u00e1m b\u0159itvu, kter\u00e1 vlas naru\u0161uje<br>\u2728 na vlnit\u00e9 a kudrnat\u00e9 vlasy nepou\u017e\u00edv\u00e1m efila\u010dn\u00ed n\u016f\u017eky, kter\u00e9 zp\u016fsobuj\u00ed krep a ve v\u00fdsledku nehezk\u00fd efekt.<br>\u2728 vol\u00edm kvalitn\u00ed produkty s ohledem na vlasy i poko\u017eku (nap\u0159. non-toxic, certifikace ECOCERT)<\/p>\n<\/div>\n<\/div>\n\n\n\n<div style=\"height:50px\" aria-hidden=\"true\" class=\"wp-block-spacer\"><\/div>\n\n\n\n<hr class=\"wp-block-separator has-alpha-channel-opacity is-style-wide\">\n\n\n\n<div class=\"wp-block-columns is-layout-flex wp-container-core-columns-is-layout-5 wp-block-columns-is-layout-flex\">\n<div class=\"wp-block-column is-layout-flow wp-block-column-is-layout-flow\">\n<div style=\"height:52px\" aria-hidden=\"true\" class=\"wp-block-spacer\"><\/div>\n\n\n\n<h3 class=\"wp-block-heading\" style=\"margin-right:var(--wp--preset--spacing--30);margin-left:var(--wp--preset--spacing--30)\">P\u0159\u00edstup m\u00edsto rychlosti<\/h3>\n\n\n\n<div style=\"height:29px\" aria-hidden=\"true\" class=\"wp-block-spacer\"><\/div>\n\n\n\n<p class=\"has-normal-font-size\" style=\"margin-right:var(--wp--preset--spacing--30);margin-left:var(--wp--preset--spacing--30)\">Tento p\u0159\u00edstup vy\u017eaduje v\u00edce \u010dasu a soust\u0159ed\u011bn\u00ed.<br>Nen\u00ed zalo\u017een\u00fd na rychlosti, ale na kvalit\u011b a respektu k vlas\u016fm.<\/p>\n<\/div>\n<\/div>\n\n\n\n<div style=\"height:57px\" aria-hidden=\"true\" class=\"wp-block-spacer\"><\/div>\n\n\n\n<hr class=\"wp-block-separator has-alpha-channel-opacity is-style-wide\">\n\n\n\n<div class=\"wp-block-columns is-layout-flex wp-container-core-columns-is-layout-6 wp-block-columns-is-layout-flex\">\n<div class=\"wp-block-column is-layout-flow wp-block-column-is-layout-flow\">\n<div style=\"height:52px\" aria-hidden=\"true\" class=\"wp-block-spacer\"><\/div>\n\n\n\n<h3 class=\"wp-block-heading\" style=\"margin-right:var(--wp--preset--spacing--30);margin-left:var(--wp--preset--spacing--30)\">Spolupr\u00e1ce, ne z\u00e1zrak na po\u010dk\u00e1n\u00ed<\/h3>\n\n\n\n<div style=\"height:29px\" aria-hidden=\"true\" class=\"wp-block-spacer\"><\/div>\n\n\n\n<p class=\"has-normal-font-size\" style=\"margin-right:var(--wp--preset--spacing--30);margin-left:var(--wp--preset--spacing--30)\">P\u00e9\u010de v salonu je jen \u010d\u00e1st cel\u00e9ho procesu.<br>Skute\u010dn\u00fd stav vlas\u016f a poko\u017eky vznik\u00e1 p\u0159edev\u0161\u00edm t\u00edm, jak se o n\u011b star\u00e1te doma.<\/p>\n\n\n\n<p class=\"has-normal-font-size\" style=\"margin-right:var(--wp--preset--spacing--30);margin-left:var(--wp--preset--spacing--30)\">R\u00e1da v\u00e1m uk\u00e1\u017eu sm\u011br, doporu\u010d\u00edm vhodnou p\u00e9\u010di a vysv\u011btl\u00edm, co va\u0161im vlas\u016fm a poko\u017ece prosp\u00edv\u00e1.<br>T\u011bmto t\u00e9mat\u016fm se v\u011bnuji podrobn\u011bji v r\u00e1mci individu\u00e1ln\u00ed <a href=\"https:\/\/www.hairlow.cz\/index.php\/vlasove-poradenstvi-ostrava\/\" title=\"Cen\u00edk\">konzultace<\/a>.<\/p>\n<\/div>\n<\/div>\n\n\n\n<div style=\"height:57px\" aria-hidden=\"true\" class=\"wp-block-spacer\"><\/div>\n\n\n\n<hr class=\"wp-block-separator has-alpha-channel-opacity is-style-wide\">\n\n\n\n<div class=\"wp-block-columns is-layout-flex wp-container-core-columns-is-layout-7 wp-block-columns-is-layout-flex\">\n<div class=\"wp-block-column is-layout-flow wp-block-column-is-layout-flow\">\n<div style=\"height:52px\" aria-hidden=\"true\" class=\"wp-block-spacer\"><\/div>\n\n\n\n<h3 class=\"wp-block-heading\" style=\"margin-right:var(--wp--preset--spacing--30);margin-left:var(--wp--preset--spacing--30)\">Pro koho je m\u016fj p\u0159\u00edstup<\/h3>\n\n\n\n<div style=\"height:29px\" aria-hidden=\"true\" class=\"wp-block-spacer\"><\/div>\n\n\n\n<p class=\"has-normal-font-size\" style=\"margin-right:var(--wp--preset--spacing--30);margin-left:var(--wp--preset--spacing--30)\">Pracuji se \u017eenami, kter\u00e9 cht\u011bj\u00ed sv\u00fdm vlas\u016fm dop\u0159\u00e1t \u0161etrnou p\u00e9\u010di a respektuj\u00edc\u00ed p\u0159\u00edstup.<\/p>\n\n\n\n<p class=\"has-normal-font-size\" style=\"margin-right:var(--wp--preset--spacing--30);margin-left:var(--wp--preset--spacing--30)\">Pokud chcete j\u00edt v\u00edce do hloubky a porozum\u011bt sv\u00fdm vlas\u016fm, r\u00e1da v\u00e1s t\u00edmto procesem provedu p\u0159i konzulta\u010dn\u00ed hodin\u011b.<\/p>\n\n\n\n<p class=\"has-normal-font-size\" style=\"margin-right:var(--wp--preset--spacing--30);margin-left:var(--wp--preset--spacing--30)\">Pokud hled\u00e1te rychl\u00e9 a co nejlevn\u011bj\u0161\u00ed \u0159e\u0161en\u00ed, pravd\u011bpodobn\u011b pro v\u00e1s nejsem ta prav\u00e1.<\/p>\n\n\n\n<p class=\"has-normal-font-size\" style=\"margin-right:var(--wp--preset--spacing--30);margin-left:var(--wp--preset--spacing--30)\">A je to v po\u0159\u00e1dku.<\/p>\n<\/div>\n<\/div>\n\n\n\n<div style=\"height:52px\" aria-hidden=\"true\" class=\"wp-block-spacer\"><\/div>\n\n\n\n<hr class=\"wp-block-separator has-alpha-channel-opacity is-style-wide\">\n\n\n\n<div style=\"height:61px\" aria-hidden=\"true\" class=\"wp-block-spacer\"><\/div>\n\n\n\n<div class=\"wp-block-columns is-layout-flex wp-container-core-columns-is-layout-8 wp-block-columns-is-layout-flex\">\n<div class=\"wp-block-column is-layout-flow wp-block-column-is-layout-flow\">\n<h2 class=\"wp-block-heading\" style=\"margin-right:var(--wp--preset--spacing--30);margin-left:var(--wp--preset--spacing--30)\">Moje zam\u011b\u0159en\u00ed<\/h2>\n\n\n\n<p class=\"has-normal-font-size\" style=\"margin-right:var(--wp--preset--spacing--40);margin-left:var(--wp--preset--spacing--40)\">Pracuji s vlasy v jejich p\u0159irozenosti a individu\u00e1ln\u00edm charakteru.<br>Zam\u011b\u0159uji se na vlnit\u00e9 a kudrnat\u00e9 vlasy, p\u0159\u00edrodn\u00ed p\u00e9\u010di a \u0161etrn\u00e9 metody pr\u00e1ce, ale otev\u0159en\u00e1 jsem v\u0161em, kdo hledaj\u00ed citliv\u00fd p\u0159\u00edstup k vlas\u016fm i poko\u017ece.<\/p>\n<\/div>\n<\/div>\n\n\n\n<div style=\"height:52px\" aria-hidden=\"true\" class=\"wp-block-spacer\"><\/div>\n\n\n\n<hr class=\"wp-block-separator has-alpha-channel-opacity is-style-wide\">\n\n\n\n<div style=\"height:61px\" aria-hidden=\"true\" class=\"wp-block-spacer\"><\/div>\n\n\n\n<div class=\"wp-block-columns is-layout-flex wp-container-core-columns-is-layout-9 wp-block-columns-is-layout-flex\">\n<div class=\"wp-block-column is-layout-flow wp-block-column-is-layout-flow\">\n<h2 class=\"wp-block-heading\" style=\"margin-right:var(--wp--preset--spacing--30);margin-left:var(--wp--preset--spacing--30)\">Z\u00e1v\u011brem<\/h2>\n\n\n\n<p class=\"has-normal-font-size\" style=\"margin-right:var(--wp--preset--spacing--30);margin-left:var(--wp--preset--spacing--30)\">Ka\u017ed\u00e9 vlasy i poko\u017eka jsou jin\u00e9.<br>A zaslou\u017e\u00ed si citliv\u00fd p\u0159\u00edstup.<\/p>\n\n\n\n<p class=\"has-normal-font-size\" style=\"margin-right:var(--wp--preset--spacing--30);margin-left:var(--wp--preset--spacing--30)\"><strong>Pokud c\u00edt\u00edte, \u017ee je tohle p\u0159\u00edstup, kter\u00fd hled\u00e1te, r\u00e1da v\u00e1s <a href=\"https:\/\/www.hairlow.cz\/index.php\/kontakt\/\" title>p\u0159iv\u00edt\u00e1m<\/a>.<\/strong> \ud83c\udf3f<\/p>\n<\/div>\n<\/div>\n\n\n\n<p><\/p>\n","protected":false},"excerpt":{"rendered":"<p>\u0160etrn\u00fd p\u0159\u00edstup k vlas\u016fm \u0160etrn\u00fd p\u0159\u00edstup nen\u00ed detail. Je to z\u00e1klad. V\u011b\u0159\u00edm, \u017ee vlasy jsou v\u00edc ne\u017e jen sou\u010d\u00e1st viz\u00e1\u017ee.Jsou odrazem p\u00e9\u010de, zdrav\u00ed i na\u0161eho p\u0159\u00edb\u011bhu. Proto k nim p\u0159istupuji s respektem a pochopen\u00edm Pracuji jemn\u011b a v\u011bdom\u011b \u2013 bez zbyte\u010dn\u00e9ho tah\u00e1n\u00ed, sp\u011bchu nebo po\u0161kozen\u00ed.Ka\u017ed\u00fd krok vol\u00edm tak, aby vlasy nebyly zbyte\u010dn\u011b zat\u011b\u017eov\u00e1ny a z\u016fstaly v co nejlep\u0161\u00ed kondici. Nejde jen o v\u00fdsledek v den n\u00e1v\u0161t\u011bvy, ale o to, jak se vlasy chovaj\u00ed i v n\u00e1sleduj\u00edc\u00edch t\u00fddnech. Co to znamen\u00e1 v praxi \u2728 rozd\u011blov\u00e1n\u00ed a roz\u010des\u00e1v\u00e1n\u00ed od kone\u010dk\u016f, aby se vlasy nel\u00e1maly\u2728 jemn\u00e9 zach\u00e1zen\u00ed s mokr\u00fdmi vlasy bez drhnut\u00ed\u2728 \u0161etrn\u00e9<\/p>\n","protected":false},"author":1,"featured_media":9572,"parent":6859,"menu_order":1,"comment_status":"closed","ping_status":"closed","template":"","meta":{"_monsterinsights_skip_tracking":false,"_monsterinsights_sitenote_active":false,"_monsterinsights_sitenote_note":"","_monsterinsights_sitenote_category":0,"footnotes":""},"class_list":["post-10449","page","type-page","status-publish","has-post-thumbnail","hentry"],"aioseo_notices":[],"_links":{"self":[{"href":"https:\/\/www.hairlow.cz\/index.php\/wp-json\/wp\/v2\/pages\/10449","targetHints":{"allow":["GET"]}}],"collection":[{"href":"https:\/\/www.hairlow.cz\/index.php\/wp-json\/wp\/v2\/pages"}],"about":[{"href":"https:\/\/www.hairlow.cz\/index.php\/wp-json\/wp\/v2\/types\/page"}],"author":[{"embeddable":true,"href":"https:\/\/www.hairlow.cz\/index.php\/wp-json\/wp\/v2\/users\/1"}],"replies":[{"embeddable":true,"href":"https:\/\/www.hairlow.cz\/index.php\/wp-json\/wp\/v2\/comments?post=10449"}],"version-history":[{"count":14,"href":"https:\/\/www.hairlow.cz\/index.php\/wp-json\/wp\/v2\/pages\/10449\/revisions"}],"predecessor-version":[{"id":10518,"href":"https:\/\/www.hairlow.cz\/index.php\/wp-json\/wp\/v2\/pages\/10449\/revisions\/10518"}],"up":[{"embeddable":true,"href":"https:\/\/www.hairlow.cz\/index.php\/wp-json\/wp\/v2\/pages\/6859"}],"wp:featuredmedia":[{"embeddable":true,"href":"https:\/\/www.hairlow.cz\/index.php\/wp-json\/wp\/v2\/media\/9572"}],"wp:attachment":[{"href":"https:\/\/www.hairlow.cz\/index.php\/wp-json\/wp\/v2\/media?parent=10449"}],"curies":[{"name":"wp","href":"https:\/\/api.w.org\/{rel}","templated":true}]}}